et v(o) = o**2 + 73*o - 15626. Determine v(-167).
72
Let p(f) = f**3 - 4*f**2 + 71*f + 496. What is p(-6)?
-290
Let y(l) = -l**3 - 24*l**2 + 29*l + 747. Give y(-24).
51
Let r(h) = h**3 + 220*h**2 - 1085*h - 92765. Calculate r(-223).
3
Let v(f) = -1816*f - 1562. Calculate v(-1).
254
Let x(r) = 2*r + 609. Determine x(9).
627
Let m(x) = 17*x**2 + 37759*x - 916000. Calculate m(24).
8
Let x(k) = 7*k**2 + 362*k + 8215. Give x(-20).
3775
Let b(h) = -11*h**2 - 7195*h + 14441. Calculate b(2).
7
Let o(w) = -272*w**3 + 226029*w**2 + 2490*w + 2491. Give o(831).
-2
Let c(q) = 5*q**2 - 111*q + 1947. Calculate c(13).
1349
Let i(u) = u**3 + 64*u**2 - 1076*u - 18798. Calculate i(-75).
27
Let d(w) = 9*w**3 + 1124*w**2 + 1567*w + 211499. Calculate d(-125).
-1
Let g(y) = -4*y**2 - 198*y - 293. Give g(-3).
265
Let c(x) = -x**2 + 6732*x - 2082270. What is c(325)?
5
Let z(m) = 414*m + 56810. Calculate z(-133).
1748
Let o(a) = -995*a - 24908. Give o(-25).
-33
Let w(l) = l**2 + 1039*l - 232101. Give w(189).
-9
Let s(u) = -7362*u + 360209. Calculate s(49).
-529
Let w(r) = -29163*r + 174971. Calculate w(6).
-7
Let c(d) = 685*d - 267868. What is c(391)?
-33
Let l(c) = -c**3 + 110*c**2 + 105*c + 1406. What is l(111)?
740
Let x(l) = 106*l**3 - 10598*l**2 - 188*l - 1213. Calculate x(100).
-13
Let n(v) = 6*v**2 - 653*v + 7497. Calculate n(13).
22
Let w(o) = o**2 - 112*o - 4257. What is w(-33)?
528
Let d(c) = c**3 + 3*c**2 + 195*c + 1919. What is d(-8)?
39
Let r(n) = -n**3 + 8*n**2 - 165*n + 675. Calculate r(0).
675
Let j(x) = 39*x**2 - 1071*x + 536. What is j(27)?
50
Let x(k) = k**3 - 94*k**2 - 182*k - 385. What is x(96)?
575
Let n(c) = -118*c + 5651. What is n(45)?
341
Let t(j) = 11*j**2 + 684*j + 7437. What is t(-11)?
1244
Let i(l) = -296*l**3 + 21*l**2 + 29*l - 47. What is i(2)?
-2273
Let o(f) = f**3 - 16*f**2 - 13*f - 13. What is o(4)?
-257
Let f(g) = g**3 + 83*g**2 + 1219*g + 508. What is f(-64)?
316
Let q(h) = 36*h**2 + 41*h - 141. Give q(2).
85
Let o(n) = -n**2 - 238*n - 3167. Give o(-13).
-242
Let u(r) = 21063*r + 1937762. Give u(-92).
-34
Let k(b) = 4*b**2 + 264*b - 3613. What is k(12)?
131
Let q(k) = 314653*k - 1887928. Calculate q(6).
-10
Let c(n) = -4178*n - 112664. Determine c(-27).
142
Let q(y) = 3*y**2 - 17*y - 568. Calculate q(17).
10
Let d(f) = 2258*f + 7039. Determine d(-3).
265
Let h(f) = -f**2 + 81*f + 1718. Calculate h(71).
2428
Let q(x) = 4699*x + 281936. Give q(-60).
-4
Let t(f) = -10978*f - 109675. Give t(-10).
105
Let d(k) = k**3 - 74*k**2 + 221*k - 237. What is d(71)?
331
Let l(t) = 13*t**2 + 583*t + 35. What is l(-45)?
125
Let n(b) = -2*b**2 - 913*b + 214615. Calculate n(171).
10
Let m(a) = 17*a**2 - 20*a + 66. What is m(5)?
391
Let d(i) = 434*i + 29453. Calculate d(-69).
-493
Let d(w) = w**3 - 178*w**2 - 539*w - 594. Determine d(181).
130
Let j(c) = -c**3 + 472*c**2 + 583*c - 52028. What is j(473)?
2
Let f(p) = 4*p**3 + 323*p**2 - 4559*p - 202. Determine f(-93).
-16
Let n(o) = -o**3 - 20*o**2 + 552*o + 266. What is n(16)?
-118
Let r(x) = -304*x**2 + 5159*x + 163. Give r(17).
10
Let g(i) = 22*i**3 + 6*i**2 + 20*i + 5. Determine g(-2).
-187
Let z(l) = 24579*l + 1548443. Give z(-63).
-34
Let f(o) = 263590*o + 790768. Give f(-3).
-2
Let x(d) = 26450*d + 2354052. Determine x(-89).
2
Let u(p) = 12*p**2 + 4555*p + 196347. Give u(-330).
-3
Let y(x) = 138*x**3 - 5520*x**2 - 10*x + 190. Calculate y(40).
-210
Let f(j) = j**3 - 41*j**2 + 380*j - 894. What is f(29)?
34
Let u(d) = -2*d**3 + 29*d**2 + 96*d + 11. Give u(18).
-529
Let m(r) = 1274*r - 108230. Give m(85).
60
Let u(z) = 19*z**3 + 32585*z**2 - 88*z - 150933. Give u(-1715).
-13
Let k(i) = 5*i**2 - 2491*i + 29289. Determine k(12).
117
Let t(h) = 8*h**2 + 148*h - 13974. Give t(-52).
-38
Let o(w) = 1549*w - 249398. Determine o(161).
-9
Let t(q) = -2955*q + 118215. Give t(40).
15
Let u(v) = 752*v - 29707. Determine u(39).
-379
Let u(l) = -42634*l - 85261. Calculate u(-2).
7
Let x(i) = 17*i**2 - 81171*i. Give x(0).
0
Let t(d) = -27950*d - 150. Give t(0).
-150
Let m(d) = d**3 + 739*d**2 + 25308*d + 32. What is m(-36)?
32
Let w(j) = -474*j**2 - 83*j + 5. What is w(0)?
5
Let y(c) = 139*c**2 - 181*c + 420. Determine y(2).
614
Let m(v) = -9*v**2 - 5870*v + 4582. Give m(-653).
11
Let m(l) = 39*l**2 + 1176*l + 561. What is m(-29)?
-744
Let r(x) = 173*x + 17115. What is r(-100)?
-185
Let i(y) = 486*y**2 - 32573*y + 847. Calculate i(67).
110
Let s(t) = 165*t**2 + 37*t - 44. Calculate s(1).
158
Let c(m) = -35*m + 770. Give c(30).
-280
Let j(k) = 8456*k - 4312565. Calculate j(510).
-5
Let h(s) = 10*s**2 - 27*s + 25. Calculate h(1).
8
Let c(n) = -2*n**2 + 333*n + 119342. Calculate c(341).
333
Let i(c) = -2875*c**3 - 4*c**2 - 287*c - 284. Determine i(-1).
2874
Let h(d) = 50*d + 2435. Calculate h(-49).
-15
Let v(h) = h**3 + 4*h**2 - 184*h - 1563. What is v(-9)?
-312
Let n(k) = 18*k**2 + 1798*k + 13375. Determine n(-8).
143
Let i(k) = 121254*k + 969973. Give i(-8).
-59
Let z(u) = 7*u**3 - 129*u**2 + 65*u + 23. Give z(18).
221
Let t(i) = 5*i**2 - 14*i - 60. What is t(-21)?
2439
Let i(d) = d**2 + 484*d - 12890. Give i(26).
370
Let z(j) = -5637*j + 16850. Calculate z(3).
-61
Let q(n) = 82*n**2 - 483*n - 1947. Give q(-4).
1297
Let o(p) = 145*p - 6975. What is o(45)?
-450
Let x(l) = 1227*l + 14672. What is x(-12)?
-52
Let m(g) = -7451*g + 105024. Determine m(14).
710
Let r(z) = -z**3 + 584*z**2 + 36318*z - 12478. What is r(-57)?
5
Let t(m) = -5*m**3 + 627*m**2 - 2026*m - 5848. What is t(122)?
8
Let u(b) = -12*b**2 - 304*b + 3311. What is u(11)?
-1485
Let v(b) = -16*b**2 - 13693*b - 162039. Give v(-12).
-27
Let k(m) = 18913*m - 7905628. Calculate k(418).
6
Let s(i) = -504*i + 32038. Calculate s(64).
-218
Let j(w) = -425*w + 17508. Calculate j(42).
-342
Let i(c) = 12*c**3 + 52*c**2 + 13*c - 6. Calculate i(-4).
6
Let z(c) = -c**3 + 23*c**2 + 21*c + 154. Calculate z(23).
637
Let n(w) = -2347*w + 373252. Calculate n(159).
79
Let q(m) = 15*m**3 - 26923*m**2 - 3583*m - 12564. What is q(1795)?
1
Let c(m) = -9408*m + 959610. What is c(102)?
-6
Let x(i) = 357*i - 111624. What is x(313)?
117
Let r(u) = -u**3 + 330*u**2 - 4463*u + 12315. What is r(316)?
-9
Let i(m) = 505*m - 76034. Determine i(151).
221
Let k(b) = -9*b**2 + 332*b - 3546. Determine k(29).
-1487
Let q(l) = -3*l**2 + 298*l - 7009. Give q(59).
130
Let b(z) = z**3 + 29*z**2 + 57*z - 2502. Determine b(-20).
-42
Let m(o) = o**2 - 1423*o + 49893. Calculate m(36).
-39
Let w(r) = 11537439*r + 2. Calculate w(0).
2
Let l(v) = 4384*v - 425254. Give l(97).
-6
Let z(q) = 8322*q + 1714333. Give z(-206).
1
Let i(o) = o**2 + 1404*o + 35921. Determine i(-26).
93
Let j(w) = -112758*w + 112749. Give j(1).
-9
Let w(a) = -13*a**2 + 1000*a - 597. What is w(75)?
1278
Let b(m) = 2*m**2 - 9732*m - 9734. Determine b(-1).
0
Let s(d) = -d**3 - 387*d**2 - 18255*d + 1705. Determine s(-332).
45
Let d(t) = -7024*t - 387384. Give d(-55).
-1064
Let s(p) = 762*p + 9638. Calculate s(-12).
494
Let i(a) = 7*a**3 + a**2 + 35*a - 24. What is i(0)?
-24
Let z(q) = -292*q + 4799. Give z(16).
127
Let b(u) = -44*u**2 + 266*u + 5. Calculate b(6).
17
Let p(o) = -1613*o - 8261. Calculate p(-5).
-196
Let f(b) = -3*b**3 + 4787*b**2 - 41251*b - 17452. What is f(1587)?
5
Let v(h) = -2*h**3 - 284*h**2 - 5505*h + 18754. What is v(-118)?
-8
Let l(r) = 3018*r + 41837. Calculate l(-14).
-415
Let o(w) = 222*w + 39013. Calculate o(-175).
163
Let f(q) = -3*q**3 + 493*q**2 + 4629*q - 100. Determine f(-9).
359
Let r(d) = 15*d**3 - 9*d**2 + 104*d - 663. Give r(8).
7273
Let a(s) = 53004*s + 248. Determine a(0).
248
Let i(b) = 767*b - 303725. Calculate i(396).
7
Let a(u) = u**2 - 80*u + 1013. Give a(63).
-58
Let v(h) = -h**2 + 2107*h + 416637. Determine v(-182).
39
Let q(a) = -901*a + 12828. What is q(14)?
214
Let a(i) = -5*i**2 + 450*i + 444. Give a(91).
-11
Let x(k) = 504*k - 326627. Determine x(648).
-35
Let i(p) = 54*p**3 + 106*p**2 + p + 20. Give i(-3).
-487
Let n(m) = 10*m**2 - 2501*m + 12517. Calculate n(5).
262
Let m(y) = 11*y**2 - 59833*y - 1140802. What is m(-19)?
-4
Let h(a) = 140*a + 6296. What is h(-47)?
-284
Let y(k) = 86*k**3 - 2*k**2 + 256*k + 770. What is y(-3)?
-2338
Let p(h) = 1909*h + 1526. Determine p(-1).
-383
Let c(w) = 373*w**2 + 4581*w + 5205. Determine c(-11).
-53
Let j(z) = 4471*z + 2931. What is j(-1)?
-1